*k - 289 = 0. Calculate the highest common divisor of u and 7.
7
Suppose 2 = -d + 3*d. Let q be ((-1)/((-5)/(-4)))/((-8)/20). What is the greatest common factor of q and d?
1
Suppose 2*a - 38 = -b - b, -5*a + 85 = 3*b. Suppose -3*v = 1237 - 397. Let y be (18/8)/((-15)/v). What is the greatest common divisor of y and a?
14
Let i be (2 + 14/(-3))*(-6 + -30). What is the greatest common factor of i and 24?
24
Let f be 5*(6*-2)/3. Let h be (-5)/(f/8) + 6. What is the greatest common factor of h and 24?
8
Suppose 9*x - 7*x + 52 = 0. Let t = -22 - x. What is the greatest common divisor of t and 6?
2
Let w(n) = -6*n**3 - 4*n**2 - n - 3. Let i be w(-3). Calculate the greatest common factor of i and 18.
18
Let t be ((-2)/(-6))/(1/21). Suppose 2*r - 3*n - 29 = 0, -t*r = -3*r + 4*n - 8. Calculate the highest common divisor of r and 21.
7
Let b(q) = q**3 - q. Let v be b(3). Let l(o) = o**2 + o + 1. Let p be l(-2). What is the greatest common factor of v and p?
3
Suppose -4*o - 612 = -2*b, 0*o = 5*b - o - 1539. Calculate the highest common divisor of b and 28.
28
Let i = 3 - 1. Suppose -i*r = -4*r + 10. Suppose w = -r*l + 125, 2*l - 110 = -3*l - 4*w. Calculate the greatest common divisor of 65 and l.
13
Let n = 108 - 92. Calculate the greatest common factor of n and 176.
16
Suppose c - 3 = 4*c. Let v be 12/(8/6 + c). Let j(p) = -p**3 + 15*p**2 - 16*p + 40. Let l be j(14). Calculate the highest common factor of v and l.
12
Suppose 4*m + 1 = 145. What is the highest common divisor of m and 90?
18
Let z(d) = -d. Let k be z(-3). Let h(p) = -p**2 + 1 - 2*p + 1 + 2*p**2 - k. Let i be h(-1). What is the greatest common divisor of 2 and i?
2
Suppose -2*c + 20 = -5*h + 70, -4*h = -5*c - 40. What is the greatest common factor of 90 and h?
10
Let y(g) = -3*g - 4 + 3 + 11*g. Let v be y(2). Let s = 44 - 29. Calculate the greatest common divisor of v and s.
15
Let h = -9 - -12. Suppose z + h = 63. Let r = -9 - -21. Calculate the highest common divisor of z and r.
12
Let u(f) = f**3 - 6*f**2 + 7*f - 3. Let t be u(5). Calculate the highest common factor of t and 28.
7
Let f be (36/15 - 2)/((-2)/(-40)). Calculate the greatest common divisor of f and 72.
8
Suppose -4*k = n - 497, -5*k + 380 = n - 242. Let l = k - 81. Let v = l + -20. Calculate the greatest common divisor of 16 and v.
8
Suppose o = -0*p - 4*p + 23, -4*o = -4*p - 112. Calculate the highest common divisor of o and 18.
9
Let u(p) be the third derivative of -2*p**2 + 1/3*p**3 + 1/30*p**5 + 0 - 5/24*p**4 + 0*p. Let o be u(-4). Calculate the highest common factor of o and 6.
6
Let s(u) = -7*u + 1 + 9 - 1 - u**2. Let q be s(-7). Let b(x) = x**2 - x + 6. Let a be b(6). Calculate the highest common factor of a and q.
9
Suppose -3*s = -5*g - 52, -3*s + g = -2*s - 14. What is the highest common factor of s and 63?
9
Let t(l) = l**2 + l - 7. Let j be t(-4). What is the greatest common factor of 35 and j?
5
Suppose 10*f - 5*d = 5*f + 10, -4*f = -5*d - 6. Calculate the greatest common divisor of 7 and f.
1
Let z be (8/4)/((-1)/(-8)). What is the highest common divisor of 128 and z?
16
Let c = -202 + 283. Calculate the highest common divisor of 9 and c.
9
Suppose 12 = -3*p, -p + 3*p + 48 = 2*t. Calculate the highest common divisor of 10 and t.
10
Suppose o = 6*o - 490. Calculate the highest common factor of 14 and o.
14
Let p(u) = 7*u**2 - 5*u - 6. Let b(a) = -a**2. Let r(y) = 6*b(y) + p(y). Let j be r(10). What is the highest common divisor of j and 4?
4
Let s = -205 - -207. Calculate the greatest common divisor of s and 2.
2
Suppose 51 + 44 = 5*a. Calculate the highest common factor of a and 38.
19
Let h be (-4 - -8)/(-4) - -2. Calculate the greatest common factor of h and 7.
1
Let l(c) = 1 + 2*c**2 + c - 8*c**3 + 4*c**3 - 3*c**2. Let t be l(-1). Suppose t*b = 36 + 9. Calculate the greatest common factor of b and 75.
15
Let g = 52 + -30. Calculate the highest common factor of 88 and g.
22
Suppose -4*t + 38 = -2. Suppose -11*w = -7*w - 80. What is the highest common factor of w and t?
10
Let i = 21 - 0. Suppose 0 = 2*l + 5*p - 30, 0*l - i = -5*l + p. Suppose -l*z - 11 + 91 = 0. Calculate the highest common factor of z and 176.
16
Suppose -4*p + 136 = 2*k, 2*k - 134 = -0*k - 2*p. Let j = 12 - 8. Suppose r - 23 = -3*w, 4*r - 32 = -w + j*w. Calculate the highest common factor of r and k.
11
Let o be (-1 - 0)*(4 + -4). Suppose o = 4*i - 0*i - 280. Calculate the greatest common factor of i and 10.
10
Suppose 0 = -i + t + 88 + 9, 4*t = 12. What is the greatest common divisor of i and 20?
20
Suppose 5*p - 4*m - 56 = 0, 4*p = -0*p - 4*m + 52. Suppose -44 = -3*r + 4*d, 2*d + 40 = -r + 4*r. What is the greatest common divisor of p and r?
12
Let w be (-6)/4*(-16)/6. Let h be 15 + -3 + w + -4. Let d be 2/(-8) + 675/h. What is the highest common divisor of d and 8?
8
Let k = 90 + -43. Calculate the greatest common divisor of k and 47.
47
Let t = 56 + -20. Calculate the highest common divisor of t and 9.
9
Let x be 1/(1*(-3)/(-27)). Calculate the greatest common factor of x and 9.
9
Let l = 79 - 14. Let r be 1 + -2 - -1*l. Calculate the highest common factor of 32 and r.
32
Let b = 442 + -302. Let w be ((-9)/15)/(4/(-20)). Suppose -5*v + 5*s = -175, 4*s = -w*v - 0*s + b. Calculate the highest common divisor of v and 16.
8
Let d = -7 + 21. Suppose 3*v = 300 + 78. Calculate the highest common divisor of d and v.
14
Suppose 281 = 2*j - 203. Let n(o) = -o**3 + 10*o**2 + 9*o - 68. Let k be n(10). What is the greatest common divisor of j and k?
22
Let h(m) = 10*m**2 - 5*m - 37. Let q be h(-5). What is the highest common factor of q and 34?
34
Suppose 10 = -5*r, 0 = 4*l - 5*l - 3*r + 57. Suppose 4*u - 40 = -5*i, -4*u = u + 3*i - l. Let h be 92/3 - 4/6. What is the greatest common factor of u and h?
15
Let u(j) = j + 11. Let r be u(-9). Suppose 4*h + b - 789 = 0, -9 = r*b + b. Calculate the greatest common divisor of h and 22.
22
Suppose g = -2*g + 99. Let r be (1 - g)*1/(-2). Suppose 4*w = 5*w - r. What is the greatest common divisor of w and 40?
8
Suppose 34 = 5*n + 4*s, 5*n - 74 + 4 = 5*s. Let a be (-77)/5 - 2/(-5). Let d = 45 - a. What is the greatest common factor of d and n?
10
Let l(w) = -w - 3. Let s be l(-5). Suppose 2*a = -s*a + 20. Calculate the highest common factor of 20 and a.
5
Suppose -2*n = g - 3, -3*g + 12 = g - 3*n. Suppose 0 = g*h - 11 - 25. What is the highest common factor of 36 and h?
12
Let y be -3*3/(2 - 5). Suppose y*k - 3 = 18. What is the greatest common divisor of 21 and k?
7
Suppose 2*h + 5*l = 73, 38 - 144 = -4*h - 2*l. Let c = -2 - -5. Suppose 5*r - 34 = -c*d, 0*d - 5*d = -r - 10. What is the greatest common divisor of h and d?
3
Suppose a + 33 = 2*a. Calculate the highest common divisor of a and 3.
3
Let i(y) = 10*y**3 + 2*y**2 - 9*y + 3. Let o be i(3). Calculate the greatest common divisor of 24 and o.
24
Suppose -74 + 29 = -5*d. What is the highest common divisor of d and 81?
9
Let m(i) = -17*i + 1. Let z be m(-3). Calculate the greatest common factor of 78 and z.
26
Let h = -25 - -52. Let z be (2/(-3))/(3/h). Let u = z + 21. What is the highest common factor of 10 and u?
5
Let b be (4/12)/((-1)/(-9)). Let m(x) = x**3 + 11*x**2 + 7*x - 6. Let a be m(-10). What is the highest common divisor of a and b?
3
Suppose 4*y - 48 - 135 = 5*t, 136 = 3*y - 4*t. What is the highest common divisor of 26 and y?
26
Suppose -2*j = -0*j + o - 12, 3*j = 5*o + 31. Suppose -j*g + 4*g = -495. Calculate the greatest common divisor of 15 and g.
15
Suppose n - 3*u - 27 = 0, 4*u - 2*u = 10. Suppose -48 = -g + n. Suppose x = -x + g. Calculate the greatest common factor of x and 15.
15
Let l(a) = -22*a + 9. Let v be l(-8). Suppose f + 3*s = 51, -2*f - 3*f - s = -v. Let n = 14 - 5. Calculate the highest common factor of f and n.
9
Let t(w) = -w**3 + 3*w - 8 - 2*w**2 + w**2 + 4*w**2 + 4*w**2. Let o be (-19)/(-3) + (-4)/(-6). Let j be t(o). What is the greatest common divisor of j and 65?
13
Let f be (-64)/(-2)*(-3)/(-6). What is the greatest common divisor of 64 and f?
16
Let b = 2 + 1. Let q(o) = 2*o + o**3 + 0*o**b - 2*o**3 + 2*o + 6*o**2 + 3. Let g be q(6). What is the greatest common factor of g and 9?
9
Let v = -22 + 24. Suppose v*w - 61 = 7. What is the greatest common factor of 102 and w?
34
Suppose -2*i + 11 = -31. Suppose v 